be (-6)/(-8) - (-2084)/16. Let l be a - 2*(-1)/2. What is the highest common divisor of l and 12?
12
Let l(i) = i**2 + 3*i - 4. Let g be l(5). What is the highest common divisor of 9 and g?
9
Suppose 4*a + 0*a = 3*h + 17, 5*h - 49 = -3*a. Let p be 0 + 33/6*a. Let z = -9 + 20. What is the highest common divisor of p and z?
11
Let n(c) = 2*c**2 - 7*c. Let v be n(8). Suppose x + 18 = f - 3*x, -v = -2*f - x. Let w = f + -14. Calculate the greatest common factor of w and 50.
10
Let u be (4/7)/((-16)/(-112)). What is the greatest common factor of u and 6?
2
Let l be (-9)/3 + 8 - 3. Suppose 5*o - 2*b - l = 0, -3*o + 14 = -0*b + 2*b. Calculate the highest common factor of o and 14.
2
Let c(r) = 10*r**2 + 5*r - 4. Let m be c(-4). What is the greatest common divisor of 17 and m?
17
Suppose -16 = 3*d - 106. What is the highest common factor of d and 60?
30
Suppose -4*n + 144 = -n. Let d(r) = -r**2 + 8*r + 8. Let b(v) = -2*v - 4. Let h be b(-6). Let a be d(h). What is the highest common divisor of a and n?
8
Let y be (-2)/(3/66*-1). Suppose 3*h = -y + 206. Let b = 44 + -26. What is the greatest common factor of b and h?
18
Suppose 2*d = 1 + 9. Suppose 4*l + 33 = -3*u, -d*u - 4 = -2*l - 1. Let t = l - -24. What is the highest common divisor of 6 and t?
6
Let u = 18 + -2. What is the highest common factor of 16 and u?
16
Let l = -3 + 0. Let x = l + 3. Let g be 12 + -2 + 2 + x. Calculate the highest common divisor of g and 24.
12
Suppose -x - 4 = -r, 7*r - 4*r = 5*x + 8. Calculate the greatest common divisor of r and 6.
6
Let c(g) = g**2 + 4*g - 16. Let d be c(-7). What is the highest common divisor of d and 40?
5
Suppose 9*y = 1655 - 350. Calculate the greatest common divisor of y and 58.
29
Suppose -v = -2*b + 7, 2 = 4*b + 2*v - 0. Suppose -2*s - b*s = -256. What is the highest common divisor of 8 and s?
8
Let g be 2/(-13) + (-316)/(-26). Calculate the highest common divisor of g and 24.
12
Let f be ((-2)/(-4))/(1/14). What is the highest common divisor of 56 and f?
7
Suppose 3*x + 2*n = 0, -7*x + n = -3*x - 11. Let t(m) = m**3 + 5*m**2 + 2*m - 4. Let p be t(-3). What is the highest common factor of x and p?
2
Suppose -2*a = 4*l - 38, 4*a - 28 = -5*l + 3*l. Let d be 10/40 + 94/l. Calculate the highest common factor of d and 12.
12
Let b = -15 + 29. Let h be (-1)/(0 - 1/b). Let z = 445 - 347. What is the highest common divisor of z and h?
14
Let x be (4/(-5))/(4/(-30)). Suppose 0 = 4*s + w - 194, -5*s = -w - 85 - 153. What is the greatest common factor of s and x?
6
Let k(l) = -l**2 - 7*l - 2. Let x be k(-2). What is the greatest common divisor of x and 16?
8
Let z = -5 - -7. Let p = 6 - z. Let b be p + -4 + 0 + 1. What is the greatest common divisor of b and 6?
1
Let t(j) be the first derivative of -j**2/2 + 6*j - 4. Let b be t(3). Calculate the highest common factor of 21 and b.
3
Let c = -18 + 31. Let m be (-13*1)/((-1)/5). Calculate the greatest common factor of c and m.
13
Let y be (2 + -5)/((-6)/10). Let c = y - 4. Calculate the highest common divisor of c and 9.
1
Let n be (-27)/(-4) - 6/(-24). Let z(o) = -o**3 + o**2 + 10. Let s be z(0). Let x be 66/10 - (-4)/s. What is the greatest common factor of n and x?
7
Let a be (58 - -2)*(-10)/(-25). What is the greatest common divisor of a and 120?
24
Suppose c + 390 = -2*c. Let y be (-5)/20 - c/8. Suppose -i = 5*f - 404, -f + 4*i = 4*f - 384. Calculate the greatest common divisor of f and y.
16
Let c be (-540)/21*(2 - 102/9). What is the greatest common divisor of c and 20?
20
Suppose 6*u - 175 = u. Let o(g) = g**3 - 3*g**2 - 3*g - 4. Let m be o(4). Suppose -4*x + 57 - 1 = m. Calculate the greatest common factor of u and x.
7
Let s(p) = p**3 + 8*p**2 + 7*p + 12. Let t be s(-5). Calculate the highest common factor of t and 130.
26
Let q(t) = 7*t - 10. Let m be q(6). Calculate the greatest common divisor of m and 160.
32
Let j = 47 + -47. Let f be (-4)/(-14) - 556/(-14). Suppose j = -3*i - 5*s + f, -3*i + 25 = -s - 3. What is the greatest common factor of 4 and i?
2
Let z = -109 - -196. Calculate the greatest common divisor of 58 and z.
29
Let j be (14/(-6))/((-2)/12). Calculate the highest common divisor of 35 and j.
7
Let w be ((-46)/10 - -7)*20/6. Calculate the greatest common divisor of 56 and w.
8
Let a(q) = q**2 + 4*q. Let f be a(3). Calculate the highest common factor of f and 14.
7
Let m(v) = 12*v + 16. Let p be m(6). Calculate the highest common divisor of p and 11.
11
Let b = 43 + -31. What is the highest common divisor of b and 84?
12
Suppose -3*z + 8 = -7. Suppose -3*b + 136 = z*k, -2*b + 7*b = -5*k + 130. What is the highest common factor of 29 and k?
29
Let w be (4/5)/((-2)/15). Let q be (24/1)/(w/9). Let s = q - -69. Calculate the greatest common factor of s and 3.
3
Let f = -80 + 84. Let r(s) = 2*s**2 + 5*s - s**2 + 0*s - 6. Let i be r(5). Calculate the highest common divisor of i and f.
4
Suppose j = -5*x + 4, -3*x + 3 - 23 = -5*j. Calculate the greatest common divisor of j and 12.
4
Suppose 0 = -v + 38 + 7. Let t = v + -23. Let f = 37 + -26. What is the greatest common divisor of f and t?
11
Suppose 6 = q - 2*x, -55 = -4*q + 3*x - 11. Let n(c) = 108*c - 3. Let y be n(2). Let j be y/5 + 6/(-10). Calculate the highest common divisor of q and j.
14
Let s(i) = -11*i**3 - 2*i**2 + i + 2. Let w be (-2)/(-9) - 60/27. Let c be s(w). What is the highest common divisor of 16 and c?
16
Let o = -12 - -13. Suppose -u - o = -12. Calculate the greatest common factor of u and 77.
11
Let b = -23 + 39. Calculate the highest common divisor of b and 40.
8
Suppose 4*i = -o + 57, 0*i + 36 = 2*i - 2*o. What is the greatest common factor of 10 and i?
5
Let s be (-25)/(-3) - (-2)/(-6). Let k(r) be the second derivative of -23*r**3/6 - 2*r**2 - 2*r. Let q be k(-4). What is the greatest common divisor of q and s?
8
Suppose -i + 5 + 0 = 0. What is the greatest common divisor of i and 15?
5
Let o(r) = -r**2 + 7*r - 7. Let d be o(5). What is the highest common divisor of 27 and d?
3
Let n = 5 - 3. Let i be (-124)/(-5) - (-1)/5. Suppose -b = -6*b + i. Calculate the highest common divisor of b and n.
1
Let z be (-25)/(-9) + 6/27. Calculate the greatest common factor of 6 and z.
3
Let i(r) = -r**2 - 6*r - 4. Let m be i(-3). Suppose -4*c + m = 1. Suppose c = n - 4. What is the highest common factor of 5 and n?
5
Let m(t) = -6*t - 6. Let v be m(-4). Let g = 0 - -2. Calculate the greatest common divisor of g and v.
2
Let b(t) = t + 5. Suppose -55 = -5*y + 2*s, 3*y + 8*s - 33 = 3*s. Let o be b(y). What is the greatest common divisor of o and 176?
16
Let s be 1103/3 - (-2)/6. Let m = s - 221. Calculate the greatest common divisor of m and 21.
21
Let y = 3 + -3. Suppose y = -v + 20 + 16. What is the greatest common divisor of v and 12?
12
Let a be (-3)/(-1) - 2/2. Suppose -2*x + 5*x = -15, -3*n = 4*x - 1. Let p = -4 + n. Calculate the greatest common factor of p and a.
1
Suppose 0 = -5*d + 6 + 134. What is the highest common divisor of d and 224?
28
Suppose 0 = 4*o + 32 - 240. Suppose -4*d = -2*f + o, f - 6 + 0 = -2*d. What is the greatest common divisor of 32 and f?
16
Let q(c) = -c**2 + 11*c + 4. Let a be q(11). Suppose 0 = -0*z - 2*z - 5*x + 27, 24 = 2*z + a*x. What is the highest common divisor of 54 and z?
6
Let u = -12 - -19. Calculate the greatest common divisor of 28 and u.
7
Let l(h) = 2*h**2 + 18*h - 14. Let x be l(-10). What is the greatest common divisor of 3 and x?
3
Let b = 7 + -2. Suppose -3*m - 41 = -5*q - 4*m, b*q = 3*m + 37. What is the greatest common factor of q and 2?
2
Let c = 2 - 2. Suppose 4*k = -c*k + 20. What is the highest common divisor of 10 and k?
5
Suppose p = 6*p - 735. Suppose -p = -3*y - 63. Calculate the greatest common divisor of y and 224.
28
Suppose -i = -66 - 366. Suppose -16 - 4 = -4*x. Suppose x*f - i - 8 = 0. What is the greatest common factor of 8 and f?
8
Let p(n) = 0 - 3 + 2 - 8*n**3 - 6*n**3. Let z be p(-1). Calculate the greatest common divisor of 13 and z.
13
Let i(z) = z**2 + 5*z + 4. Let q be i(-5). Suppose q*p = -0 + 16. Suppose -3*y = -p*y + 17. What is the greatest common factor of 136 and y?
17
Let j(k) = 4*k - 24. Let f be j(11). Let m = -9 + 11. Calculate the greatest common divisor of m and f.
2
Let w = 43 + -103. Let f = w + 105. Let s be (-122)/(-14) + (-2)/(-7). Ca